hat is the remainder when 2145410 is divided by 87?
77
Calculate the remainder when 1981 is divided by 108.
37
Calculate the remainder when 3443 is divided by 240.
83
What is the remainder when 4349 is divided by 98?
37
What is the remainder when 646597 is divided by 26941?
13
Calculate the remainder when 28245 is divided by 264.
261
What is the remainder when 10661 is divided by 817?
40
Calculate the remainder when 460986 is divided by 69.
66
Calculate the remainder when 1754 is divided by 799.
156
Calculate the remainder when 83381 is divided by 31.
22
What is the remainder when 20759 is divided by 10332?
95
What is the remainder when 358 is divided by 45?
43
Calculate the remainder when 51843 is divided by 25919.
5
Calculate the remainder when 14388 is divided by 24.
12
Calculate the remainder when 242 is divided by 31.
25
Calculate the remainder when 850232 is divided by 12146.
12
What is the remainder when 2420 is divided by 171?
26
What is the remainder when 14643 is divided by 33?
24
Calculate the remainder when 78809 is divided by 417.
413
Calculate the remainder when 671 is divided by 587.
84
What is the remainder when 11282 is divided by 5?
2
What is the remainder when 31066 is divided by 47?
46
Calculate the remainder when 6351 is divided by 59.
38
Calculate the remainder when 203893 is divided by 70.
53
What is the remainder when 13668 is divided by 95?
83
What is the remainder when 8881 is divided by 740?
1
What is the remainder when 974 is divided by 117?
38
Calculate the remainder when 4133 is divided by 1096.
845
What is the remainder when 16059 is divided by 11?
10
Calculate the remainder when 10737 is divided by 482.
133
Calculate the remainder when 17121 is divided by 16940.
181
What is the remainder when 1142 is divided by 7?
1
Calculate the remainder when 54355 is divided by 246.
235
What is the remainder when 23221 is divided by 230?
221
What is the remainder when 123434 is divided by 9?
8
Calculate the remainder when 19484 is divided by 6487.
23
Calculate the remainder when 7998 is divided by 86.
0
Calculate the remainder when 14402 is divided by 14378.
24
What is the remainder when 4247 is divided by 83?
14
Calculate the remainder when 12609 is divided by 4201.
6
What is the remainder when 14656 is divided by 533?
265
What is the remainder when 104756 is divided by 72?
68
What is the remainder when 194409 is divided by 119?
82
What is the remainder when 36633 is divided by 2564?
737
What is the remainder when 95448 is divided by 632?
16
What is the remainder when 2092 is divided by 1744?
348
What is the remainder when 38014 is divided by 352?
350
Calculate the remainder when 15516 is divided by 184.
60
What is the remainder when 9195 is divided by 858?
615
Calculate the remainder when 15710 is divided by 1963.
6
What is the remainder when 1508 is divided by 751?
6
Calculate the remainder when 2426139 is divided by 1780.
1779
Calculate the remainder when 136185 is divided by 388.
385
What is the remainder when 11210 is divided by 861?
17
What is the remainder when 16457 is divided by 1239?
350
Calculate the remainder when 2162 is divided by 809.
544
Calculate the remainder when 6053 is divided by 242.
3
Calculate the remainder when 684631 is divided by 136924.
11
What is the remainder when 38372 is divided by 17?
3
What is the remainder when 134470 is divided by 431?
429
What is the remainder when 1811 is divided by 913?
898
What is the remainder when 34140 is divided by 8?
4
Calculate the remainder when 15768 is divided by 88.
16
Calculate the remainder when 13375 is divided by 100.
75
What is the remainder when 38057 is divided by 97?
33
Calculate the remainder when 3940 is divided by 107.
88
What is the remainder when 41422 is divided by 3179?
95
Calculate the remainder when 23372 is divided by 33.
8
What is the remainder when 4275 is divided by 201?
54
Calculate the remainder when 44321 is divided by 554.
1
What is the remainder when 7237 is divided by 51?
46
What is the remainder when 20452 is divided by 330?
322
What is the remainder when 26695 is divided by 297?
262
What is the remainder when 8369 is divided by 1592?
409
Calculate the remainder when 4698 is divided by 426.
12
Calculate the remainder when 3033 is divided by 1007.
12
Calculate the remainder when 8980 is divided by 997.
7
What is the remainder when 120117 is divided by 24?
21
What is the remainder when 2066 is divided by 15?
11
What is the remainder when 6235 is divided by 253?
163
Calculate the remainder when 15642 is divided by 284.
22
What is the remainder when 117849 is divided by 58908?
33
Calculate the remainder when 173573 is divided by 57839.
56
Calculate the remainder when 8866 is divided by 1308.
1018
What is the remainder when 4959 is divided by 333?
297
Calculate the remainder when 21556 is divided by 98.
94
Calculate the remainder when 1805 is divided by 275.
155
What is the remainder when 631565 is divided by 72?
53
What is the remainder when 511605 is divided by 53?
49
Calculate the remainder when 114631 is divided by 92.
91
What is the remainder when 193222 is divided by 20?
2
What is the remainder when 3597 is divided by 1785?
27
Calculate the remainder when 1009 is divided by 298.
115
Calculate the remainder when 20739 is divided by 1308.
1119
Calculate the remainder when 35843 is divided by 87.
86
Calculate the remainder when 7144 is divided by 723.
637
Calculate the remainder when 7620 is divided by 949.
28
What is the remainder when 621785 is divided by 33?
32
Calculate the remainder when 214082 is divided by 139.
22
What is the remainder when 4914 is divided by 2280?
354
Calculate the remainder when 362111 is divided by 257.
255
Calculate the remainder when 14114 is divided by 5.
4
Calculate the remainder when 19417 is divided by 56.
41
Calculate the remainder when 17797 is divided by 635.
17
What is the remainder when 4797 is divided by 243?
180
Calculate the remainder when 1444 is divided by 65.
14
What is the remainder when 402924 is divided by 15?
9
Calculate the remainder when 1335576 is divided by 67.
65
Calculate the remainder when 134877 is divided by 24.
21
What is the remainder when 18211 is divided by 314?
313
What is the remainder when 245557 is divided by 70?
67
What is the remainder when 33926 is divided by 203?
25
Calculate the remainder when 203452 is divided by 22.
18
What is the remainder when 716397 is divided by 225?
222
Calculate the remainder when 332 is divided by 255.
77
Calculate the remainder when 7750 is divided by 430.
10
Calculate the remainder when 6117 is divided by 371.
181
What is the remainder when 52985 is divided by 186?
161
What is the remainder when 1393 is divided by 1110?
283
What is the remainder when 12984 is divided by 173?
9
Calculate the remainder when 3901 is divided by 969.
25
What is the remainder when 4473 is divided by 112?
105
Calculate the remainder when 51531 is divided by 51519.
12
Calculate the remainder when 5570 is divided by 136.
130
What is the remainder when 327513 is divided by 49?
46
Calculate the remainder when 10114 is divided by 5016.
82
Calculate the remainder when 2950 is divided by 157.
124
Calculate the remainder when 224396 is divided by 643.
632
What is the remainder when 4596 is divided by 203?
130
Calculate the remainder when 83967 is divided by 347.
340
What is the remainder when 3316 is divided by 53?
30
Calculate the remainder when 10556 is divided by 192.
188
Calculate the remainder when 1152799 is divided by 731.
12
What is the remainder when 351221 is divided by 23414?
11
Calculate the remainder when 26880 is divided by 1787.
75
Calculate the remainder when 6600 is divided by 1319.
5
Calculate the remainder when 69089 is divided by 47.
46
Calculate the remainder when 86402 is divided by 347.
346
Calculate the remainder when 24916 is divided by 134.
126
What is the remainder when 1574 is divided by 1486?
88
Calculate the remainder when 35037 is divided by 2167.
365
What is the remainder when 29310 is divided by 143?
138
Calculate the remainder when 17713 is divided by 197.
180
What is the remainder when 6152 is divided by 34?
32
What is the remainder when 2800 is divided by 2005?
795
What is the remainder when 1902 is divided by 99?
21
What is the